?
False
Let p be (-3)/4 + (-6)/24. Let f = p + 2. Is 315/f + 12/3 prime?
False
Let o = 262 + -179. Suppose -2*g + 35 = -o. Is g + (2 + -3)*2 composite?
True
Is (4/5)/(10 + 697240/(-69725)) a prime number?
False
Let j be (-450)/(-117) + 4/26. Suppose -2*u - 1551 = -3*c - j*u, 4*c + 5*u - 2061 = 0. Is c a prime number?
False
Let s(k) = k**2 - 5*k + 3. Let m be s(3). Is (-1)/m - (-4774)/33 a prime number?
False
Let k = -2677 + 5088. Is k composite?
False
Suppose 8*s - 9842 = 1878. Suppose -3*a + s - 44 = 4*m, -3*a - 2*m = -1417. Is a a composite number?
True
Suppose -2*s + 5*b = -9, -3*b + 0 + 3 = 0. Let o(p) be the first derivative of -p**3/3 + 3*p**2 + 9*p + 1. Is o(s) prime?
True
Suppose 3*d - d + 4*u = 2, -4*u = -3*d - 7. Let y(f) = 54*f - 1. Let w(q) = 53*q - 1. Let t(i) = 3*w(i) - 4*y(i). Is t(d) prime?
False
Is (5/2)/(230/198076) a composite number?
False
Let k(n) = -n**3 + 35*n**2 + 4*n + 23. Is k(32) composite?
True
Suppose p + 12 = 4*y, 0*y + 5*y = -p + 15. Suppose -d = 2*i - 510, -y*i + 721 + 46 = 2*d. Is i prime?
False
Suppose 12*y = 7*y + 25. Suppose -10*m + y*m + w = -411, -86 = -m + 4*w. Is m prime?
False
Let n(p) = 15*p + 5. Is n(12) a composite number?
True
Let c(n) = n**2 - 5*n + 4. Let f be c(4). Let d be 3/(-9)*3 + f. Is 2 - (1 + 1692/d) composite?
False
Let d be (-3)/(-1) + 4 - 4. Suppose -3*a + 0*a + d*x + 2778 = 0, 2*a - 5*x = 1861. Is a a prime number?
False
Let o(i) = 2*i + 3. Let y be o(3). Let n(s) = -2 + 4*s + 20*s**3 + 5*s - 21*s**3 + 9*s**2. Is n(y) prime?
True
Let h(y) = y**2 + 12*y + 19. Let v be h(-8). Let t(o) = o**3 + 16*o**2 - 12*o - 28. Is t(v) a prime number?
False
Let t(q) = q**2 + 3*q - 14. Let n be t(3). Is 593/5 + n/10 composite?
True
Let n be (-2)/(-3) - 2/3. Let v(s) = 227 + 67 + 47 - s. Is v(n) a prime number?
False
Suppose 0 = -j - 0*j + p + 1790, 0 = 3*j + 5*p - 5394. Is j a prime number?
False
Let r be (-1)/(-1)*4/2. Suppose -i = r*i - 522. Let f = i + -107. Is f a prime number?
True
Let s = 15860 - 8749. Is s a prime number?
False
Let k be -1 - 2 - -6 - -1. Suppose -1156 + 104 = -k*v. Let t = v - 6. Is t prime?
True
Let a = -1397 + 488. Let p = a - -3130. Is p prime?
True
Let i(v) = 1497*v - 515. Is i(28) a prime number?
False
Let x(t) = 203*t**3 - t + 1. Let c = 1 - -4. Suppose -c = -u - 4*u. Is x(u) prime?
False
Suppose 18303 + 26586 = 3*g. Is g a composite number?
True
Let r be 14/84 + (-23)/(-6). Suppose 0 = 4*u - 5*l - 3667, -5*l + 2*l = -r*u + 3677. Is u composite?
True
Suppose -4*l = -4*x - 184900, -2*l + 5*x = l - 138679. Is l a prime number?
False
Suppose 0 = 72*z - 76807 - 301697. Is z prime?
False
Let z(v) = v**3 + 17*v**2 + 29. Let t = 10 - 25. Is z(t) a prime number?
True
Let z be (2 - -6)*(-1 - 16998/(-8)). Let r = -8049 + z. Is r prime?
True
Let h = 468 - 263. Suppose -7*q = -6*q + 2*o - h, 2*o + 1061 = 5*q. Is q prime?
True
Let c(q) = q + 13. Let k be c(-3). Let d be (-34)/k - 6/(-15). Let u(n) = 4*n**2 - 5*n + 4. Is u(d) composite?
True
Let b(m) = -64*m**2 + 9*m + 17. Let p be b(-6). Let u = p - -3306. Is u composite?
True
Suppose 0 = -13*b + 274209 + 294034. Is b composite?
False
Let i = 511 - -212. Suppose -4895 + i = -4*n. Is n a prime number?
False
Let y = -396 + -238. Let u = 1191 + y. Is u a composite number?
False
Let d = 6 - 6. Let m = -3 + d. Let s = 28 + m. Is s composite?
True
Is (-2 - -14598) + -12 + 7 a composite number?
False
Let h be 3 - -4988 - 0/4. Suppose 0 = 8*r - h - 425. Is r a prime number?
True
Suppose w - 3138 = -3*j, 10*w - 12597 = 6*w + 3*j. Is w composite?
True
Let r(y) = -2*y - y**3 + 11 + 11*y + 0*y**3 - 4*y**2. Let i be r(-5). Is -3*(-3)/i - -236 prime?
False
Let g = 8 - 4. Suppose 5*u = g*b - 8607, 2*u + 2135 = b - 1306. Is 2/(-3)*u/6 a prime number?
True
Let y be (7 + -2 + -2)*3. Let k = y - -185. Is k a composite number?
True
Let a = -364 - -977. Is a composite?
False
Suppose -12 = 5*a - 4*a. Let q be 1 + a + (4 - 1). Is ((-266)/q)/((-1)/(-4)) a prime number?
False
Let g = 21 + -26. Let c(l) = 5*l**2 - 4. Is c(g) prime?
False
Let n = -6608 - -10497. Is n prime?
True
Suppose -2*x = -5*x - 6381. Is (-5 + (-65)/(-15))*x/2 composite?
False
Let o(w) = 454*w**2 + 5*w - 7. Is o(2) a composite number?
True
Let i = 663 - 361. Is i a composite number?
True
Let c(k) = 85*k**3 - k**2 + 2*k - 3. Let y(l) = -l**3 + 8*l**2 - 8*l + 9. Let q = -11 - -18. Let j be y(q). Is c(j) a composite number?
False
Let b be (-18)/(-30) + 17/5. Suppose -724 = -b*h + 348. Suppose -p = -5*p + h. Is p prime?
True
Suppose -107402 = -14*s - 5244. Is s prime?
True
Suppose 3*n = 15, 3*w - 2*w + 3*n = 1530. Let l be w/(-105) - 4/7. Let r(d) = d**3 + 17*d**2 + 13*d + 4. Is r(l) a prime number?
False
Suppose 5*o - 18 = -o. Suppose 0 = o*w - 4*u - 961, 2*w + 2*u = -2*w + 1274. Is w a prime number?
False
Let l = -602 - -1392. Suppose -2100 = -10*c - l. Is c a prime number?
True
Let j(r) = -3*r - 14 + 738*r**2 + 26 - 16. Let n(l) = -l**2 - 1. Let d(u) = j(u) - 6*n(u). Is d(1) a prime number?
True
Let x = 1097 + -104. Is x*21/(-2)*2/(-9) a composite number?
True
Let y(j) = -2*j**2 - 8*j - 1. Let o be y(-7). Suppose -2*a - 304 = 2*a. Let c = o - a. Is c prime?
False
Let l = -23 + 27. Suppose 0 = -l*d - 143 + 1479. Is d a composite number?
True
Suppose w = -5*f - 541, 5*f - 207 = -4*w - 736. Let v = 64 - f. Suppose 50 + v = k - 5*t, -669 = -3*k + 4*t. Is k composite?
False
Suppose 0 = -4*k - 4*b - b - 5, 4*k - b - 1 = 0. Suppose k = 5*a - 709 - 226. Suppose 4*n - 45 = a. Is n composite?
True
Let m(a) = -a**3 - 18*a**2 - 21*a + 37. Is m(-21) a prime number?
True
Let n be 2/5 + (-13)/(-5). Let p(l) = -11*l**2 + 12*l + 21. Let c(z) = 6*z**2 - 7*z - 11. Let u(b) = -7*c(b) - 4*p(b). Is u(n) a composite number?
True
Let u(q) = -q - 39. Let o be u(-11). Is (-34)/(-5)*(o - -33) a prime number?
False
Let d(l) = 25*l - 2. Let m be 1/(4/(-16))*-2. Suppose 3*p - 27 = -2*z, -4*p - m + 2 = -2*z. Is d(z) prime?
True
Let f be ((-12)/(-5))/(4/10). Suppose -8*s = -f*s. Is 287 - s*(-1)/3 a composite number?
True
Let k be (-6 + 1)/((-1)/25). Let b = k - -42. Is b a prime number?
True
Let u = 545 + 1014. Is u a composite number?
False
Suppose 4*b + 6 = 5*b. Let c(o) = 41*o - 2. Let v be c(b). Suppose 3*u - 179 = v. Is u a composite number?
True
Let t(r) = 2177*r**2 - r - 43. Is t(-4) a prime number?
False
Suppose -19 = -4*m - 23. Is 4 + 3*508 - (-2 - m) composite?
True
Suppose -2*w + 4 = 0, -r - 6910 = -2*w - 42269. Is r a prime number?
True
Let f(p) = -28*p**3 - 15*p**2 - 6*p - 25. Is f(-6) prime?
True
Let u(w) = 632*w**2 + 3*w. Let s be u(-1). Let i = -120 + s. Is i composite?
False
Let g be -10 + -2 + 6 + (23 - -2). Let u(b) = 19*b**2 + 2*b - 3. Let l be u(-3). Suppose l + g = q. Is q a composite number?
False
Suppose -4*i + 3*i + 5 = 2*s, -2*i = 2*s - 8. Suppose i*f + 41 = 4*c, -3*f + 5*c = f + 53. Let y(u) = 14*u**2 + u. Is y(f) prime?
False
Suppose -c - 2*r + 7*r = -154, 2*c - 248 = -5*r. Suppose -2*o + 17 = 3*x, -4*o = 4*x - 0*o - 28. Suppose c = x*a - 25. Is a a prime number?
True
Suppose 2*w - 6*w = -5*p - 284, -3*w + 4*p + 214 = 0. Let v = 34 + -23. Let s = w - v. Is s composite?
True
Suppose -3*y - 1880 = -5*u, 0*u = -2*u + y + 753. Suppose 5*c - 5137 = w, -3*w + 2696 = 3*c - u. Is c prime?
False
Let x = 3920 + -2227. Is x a composite number?
False
Let j(z) = 8*z**2 - 8 + 2*z**2 + 10*z**2 + 4*z - 17*z**2. Is j(5) prime?
False
Let t be (3/(-1) - -2)*0. Suppose t = 2*d - d - 10. Is 17/(3 - d/4) composite?
True
Let g(t) = -t**2 - 6*t + 4. Let h be (8/(-16))/(1/12). Let w be g(h). Suppose f = w*d - 1032, 5*d - 2*f - 1302 = -15. Is d a prime number?
False
Suppose -2*m + 3*m = 4*k - 857, -5*m = 5. Suppose b + 2*h = k, -b - 3*h + 206 = h. Suppose -2*w + b = -4*d, 189 = 2*w - 3*d - 38. Is w composite?
True
Let w(t) = -3601*t**3 + 2*t**2 - t - 2. Let b be w(-1). Let o = b - 2371. Is o a prime number?
True
Suppose 4*n - m = 1943, -2*n + 895 + 84 = -3*m. Is n a composite number?
True
Let a(w) = 8 + 1 - 2 + 0 - 36*w. Let p be (-34)/4 - 3/(-6). Is a(p) prime?
False
Let k(c) = 15*c**2 + 5*c - 27. Is k(7) a composite number?
False
Suppose 4*g + 4*g = 9352. Suppose -5*r - 1620 = -4*x + g, 4*x - r = 2801. Is x a prime number?
True
Let h(v) be the second derivative of -v**3 + 5*v + 0 - 1/2*v**4 - 1/20*v**5 + 3/2*v**2.